is the hundreds digit of 3140187316?
3
What is the hundred thousands digit of 4801599482?
5
What is the ten thousands digit of 700971273?
7
What is the hundred millions digit of 616333057?
6
What is the hundreds digit of 19225502?
5
What is the hundred millions digit of 119911019?
1
What is the units digit of 1220309573?
3
What is the units digit of 9841600?
0
What is the hundred thousands digit of 30661432?
6
What is the hundred thousands digit of 1400405330?
4
What is the thousands digit of 1120331095?
1
What is the hundred millions digit of 3027548318?
0
What is the hundred thousands digit of 6738558332?
5
What is the hundreds digit of 53549023?
0
What is the millions digit of 3306678313?
6
What is the ten millions digit of 113514487?
1
What is the hundred thousands digit of 4721394?
7
What is the ten millions digit of 153992819?
5
What is the tens digit of 3079851544?
4
What is the hundreds digit of 56613210?
2
What is the thousands digit of 82923529?
3
What is the ten thousands digit of 126132247?
3
What is the hundreds digit of 97225373?
3
What is the millions digit of 439915478?
9
What is the ten millions digit of 773028789?
7
What is the ten millions digit of 3130225367?
3
What is the millions digit of 1351234354?
1
What is the ten thousands digit of 3218830673?
3
What is the ten millions digit of 924732587?
2
What is the billions digit of 6035020414?
6
What is the tens digit of 487990340?
4
What is the units digit of 83299785?
5
What is the units digit of 232426162?
2
What is the thousands digit of 1545366002?
6
What is the millions digit of 17440285?
7
What is the tens digit of 7621599504?
0
What is the ten millions digit of 6675392490?
7
What is the tens digit of 60189128?
2
What is the ten millions digit of 2114771941?
1
What is the tens digit of 20687958?
5
What is the units digit of 168593441?
1
What is the thousands digit of 365713153?
3
What is the units digit of 353372910?
0
What is the tens digit of 42475873?
7
What is the hundred millions digit of 2628576733?
6
What is the units digit of 33421557?
7
What is the hundreds digit of 945527836?
8
What is the millions digit of 178581891?
8
What is the ten millions digit of 7242370592?
4
What is the hundreds digit of 25067491?
4
What is the hundred thousands digit of 199499590?
4
What is the hundred thousands digit of 6601195517?
1
What is the hundred thousands digit of 65644224?
6
What is the hundred thousands digit of 49017421?
0
What is the millions digit of 1764880319?
4
What is the ten thousands digit of 4021907796?
0
What is the tens digit of 46538942?
4
What is the tens digit of 900515040?
4
What is the hundreds digit of 255594077?
0
What is the millions digit of 377739260?
7
What is the ten thousands digit of 229141182?
4
What is the billions digit of 1025613517?
1
What is the units digit of 59945945?
5
What is the thousands digit of 72336108?
6
What is the hundred thousands digit of 57709922?
7
What is the units digit of 207750577?
7
What is the ten thousands digit of 16713015?
1
What is the hundred thousands digit of 63360750?
3
What is the ten thousands digit of 153066935?
6
What is the ten thousands digit of 99249094?
4
What is the hundred thousands digit of 596702681?
7
What is the hundreds digit of 81958374?
3
What is the millions digit of 766383732?
6
What is the hundred thousands digit of 33903674?
9
What is the tens digit of 29600661?
6
What is the ten thousands digit of 2215184573?
8
What is the units digit of 237275582?
2
What is the hundred thousands digit of 300501319?
5
What is the billions digit of 3507164868?
3
What is the billions digit of 1798602622?
1
What is the ten thousands digit of 152907143?
0
What is the ten millions digit of 404271518?
0
What is the thousands digit of 243443693?
3
What is the millions digit of 18221012?
8
What is the hundred thousands digit of 2384253803?
2
What is the ten millions digit of 46680706?
4
What is the hundred millions digit of 234144122?
2
What is the thousands digit of 20116577?
6
What is the tens digit of 260006367?
6
What is the thousands digit of 1271427590?
7
What is the hundred thousands digit of 384121640?
1
What is the tens digit of 886984919?
1
What is the billions digit of 2834174956?
2
What is the ten thousands digit of 86270873?
7
What is the thousands digit of 818029376?
9
What is the units digit of 140393417?
7
What is the hundred thousands digit of 5285835936?
8
What is the thousands digit of 3367610994?
0
What is the thousands digit of 7446862482?
2
What is the tens digit of 53067918?
1
What is the hundreds digit of 24112166?
1
What is the hundred millions digit of 7537492790?
5
What is the ten thousands digit of 964808485?
0
What is the hundred thousands digit of 344285499?
2
What is the ten millions digit of 4531640296?
3
What is the millions digit of 1209125186?
9
What is the hundreds digit of 16594126?
1
What is the millions digit of 5656341710?
6
What is the thousands digit of 38426113?
6
What is the ten millions digit of 118706473?
1
What is the hundreds digit of 2184453654?
6
What is the tens digit of 80390298?
9
What is the hundred millions digit of 128533245?
1
What is the thousands digit of 37491914?
1
What is the ten thousands digit of 47190041?
9
What is the millions digit of 2004003?
2
What is the millions digit of 630321090?
0
What is the hundred thousands digit of 7012476?
0
What is the units digit of 93222435?
5
What is the hundred thousands digit of 4643612?
6
What is the hundred millions digit of 290291527?
2
What is the ten thousands digit of 75931208?
3
What is the ten thousands digit of 569993563?
9
What is the thousands digit of 2608055?
8
What is the hundred millions digit of 109428748?
1
What is the hundreds digit of 521649943?
9
What is the ten millions digit of 60491077?
6
What is the hundred millions digit of 1145857478?
1
What is the thousands digit of 376939283?
9
What is the hundreds digit of 1761286998?
9
What is the hundreds digit of 211561729?
7
What is the hundred millions digit of 672840884?
6
What is the millions digit of 3079534519?
9
What is the ten millions digit of 1423352698?
2
What is the ten thousands digit of 6165017917?
1
What is the tens digit of 707347394?
9
What is the ten millions digit of 81758105?
8
What is the ten thousands digit of 141798125?
9
What is the ten thousands digit of 1256794844?
9
What is the hundred thousands digit of 9009588?
0
What is the tens digit of 135326972?
7
What is the hundred millions digit of 329077872?
3
What is the hundred thousands digit of 939270910?
2
What is the thousands digit of 15481749?
1
What is the thousands digit of 65462203?
2
What is the tens digit of 145191717?
1
What is the hundred thousands digit of 3063368112?
3
What is the hundred thousands digit of 142901141?
9
What is the hundreds digit of 64661948?
9
What is the hundred thousands digit of 6559918680?
9
What is the hundred thousands digit of 447941674?
9
What is the ten thousands digit of 5595479251?
7
What is the tens digit of 294680957?
5
What is the tens digit of 1401367613?
1
What is the thousands digit of 360689226?
9
What is the hundred thousands digit of 32420750?
4
What is the hundred thousands digit of 12060325?
0
What is the ten thousands digit of 2075759980?
5
What is the tens digit of 73563599?
9
What is the millions digit of 310795024?
0
What is the hundred millions digit of 175756318?
1
What is the ten thousands digit of 1618707491?
0
What is the millions digit of 575320427?
5
What is the hundred thousands digit of 1331593742?
5
What is the hundred thousands digit of 232363930?
3
What is the hundreds digit of 26599463?
4
What is the thousands digit of 404661562?
1
What is the hundreds digit of 1561668435?
4
What is the millions digit of 3475655521?
5
What is the tens digit of 10025796?
9
What is the ten thousands digit of 49781679?
8
What is the ten millions digit of 1146881341?
4
What is the hundred thousands digit of 40149727?
1
What is the millions digit of 46742722?
6
What is the ten millions digit of 469166641?
6
What is the hundreds digit of 35517948?
9
What is the millions digit of 750799846?
0
What is the ten thousands digit of 2313185504?
8
What is the tens digit of 167184108?
0
What is the hundreds digit of 917678192?
1
What i